79286372?
8
What is the units digit of 110734175?
5
What is the thousands digit of 16006798?
6
What is the units digit of 452423542?
2
What is the millions digit of 381858179?
1
What is the units digit of 4021710?
0
What is the hundreds digit of 304109172?
1
What is the tens digit of 217520416?
1
What is the millions digit of 1303018337?
3
What is the thousands digit of 109353365?
3
What is the hundred millions digit of 119863516?
1
What is the millions digit of 3803253538?
3
What is the thousands digit of 25459861?
9
What is the tens digit of 12541057?
5
What is the units digit of 2923935620?
0
What is the ten millions digit of 281632800?
8
What is the hundred thousands digit of 90910621?
9
What is the ten millions digit of 85302029?
8
What is the ten millions digit of 145625130?
4
What is the millions digit of 976889150?
6
What is the ten millions digit of 522165271?
2
What is the ten thousands digit of 64113830?
1
What is the millions digit of 790254733?
0
What is the ten millions digit of 329885337?
2
What is the ten millions digit of 525245832?
2
What is the hundreds digit of 162373116?
1
What is the ten thousands digit of 685912119?
1
What is the hundreds digit of 25772101?
1
What is the millions digit of 547034627?
7
What is the millions digit of 36530517?
6
What is the hundreds digit of 860939621?
6
What is the units digit of 4374031626?
6
What is the tens digit of 1306397314?
1
What is the thousands digit of 32406718?
6
What is the ten millions digit of 316794521?
1
What is the billions digit of 6999188378?
6
What is the millions digit of 54176032?
4
What is the units digit of 245285618?
8
What is the hundreds digit of 97225475?
4
What is the units digit of 10057667?
7
What is the hundred thousands digit of 1860699244?
6
What is the hundred thousands digit of 287063124?
0
What is the millions digit of 986017930?
6
What is the ten millions digit of 4237840199?
3
What is the ten millions digit of 755545431?
5
What is the millions digit of 285623643?
5
What is the ten thousands digit of 544608513?
0
What is the millions digit of 2975787315?
5
What is the hundred millions digit of 2419086110?
4
What is the hundred millions digit of 917205360?
9
What is the millions digit of 11923200?
1
What is the tens digit of 348038745?
4
What is the units digit of 1866760390?
0
What is the thousands digit of 27651608?
1
What is the ten millions digit of 765040714?
6
What is the units digit of 18597237?
7
What is the billions digit of 2387384223?
2
What is the ten thousands digit of 731936703?
3
What is the hundreds digit of 79894006?
0
What is the units digit of 159037741?
1
What is the ten millions digit of 1630991652?
3
What is the hundred thousands digit of 3352680348?
6
What is the thousands digit of 56744852?
4
What is the ten thousands digit of 6057051?
5
What is the units digit of 17761449?
9
What is the thousands digit of 1780545818?
5
What is the thousands digit of 889409671?
9
What is the ten thousands digit of 120293771?
9
What is the units digit of 294975553?
3
What is the thousands digit of 4412646275?
6
What is the ten millions digit of 273985930?
7
What is the ten thousands digit of 38119233?
1
What is the millions digit of 1821133200?
1
What is the thousands digit of 43375305?
5
What is the units digit of 15641647?
7
What is the tens digit of 166670641?
4
What is the thousands digit of 1361648?
1
What is the millions digit of 81614874?
1
What is the thousands digit of 72646873?
6
What is the thousands digit of 2119636212?
6
What is the ten millions digit of 1651630136?
5
What is the millions digit of 73357141?
3
What is the tens digit of 173594302?
0
What is the ten thousands digit of 2177629341?
2
What is the hundred millions digit of 326086658?
3
What is the units digit of 46141266?
6
What is the ten thousands digit of 707085383?
8
What is the hundreds digit of 60793970?
9
What is the units digit of 142657553?
3
What is the thousands digit of 28287425?
7
What is the units digit of 1986355220?
0
What is the hundred thousands digit of 603419272?
4
What is the ten thousands digit of 5280714902?
1
What is the tens digit of 390677504?
0
What is the units digit of 3551180339?
9
What is the ten thousands digit of 2072376766?
7
What is the ten thousands digit of 499817777?
1
What is the millions digit of 142909801?
2
What is the hundred thousands digit of 48223169?
2
What is the millions digit of 595333083?
5
What is the ten millions digit of 148440271?
4
What is the billions digit of 3107716208?
3
What is the thousands digit of 711722486?
2
What is the tens digit of 619603771?
7
What is the hundred thousands digit of 550692429?
6
What is the ten thousands digit of 45589899?
8
What is the hundred millions digit of 184488698?
1
What is the ten thousands digit of 523194853?
9
What is the ten thousands digit of 2370454804?
5
What is the hundreds digit of 37214506?
5
What is the millions digit of 384510928?
4
What is the hundred thousands digit of 571774853?
7
What is the millions digit of 121593897?
1
What is the tens digit of 3386762384?
8
What is the units digit of 361062450?
0
What is the billions digit of 1394190081?
1
What is the ten millions digit of 286840619?
8
What is the ten thousands digit of 768013068?
1
What is the hundred thousands digit of 1294023329?
0
What is the tens digit of 128441250?
5
What is the hundreds digit of 65066648?
6
What is the hundreds digit of 1199893895?
8
What is the units digit of 45174547?
7
What is the hundred millions digit of 724582318?
7
What is the units digit of 6435578877?
7
What is the millions digit of 322711931?
2
What is the thousands digit of 185984924?
4
What is the billions digit of 4090034145?
4
What is the thousands digit of 103125984?
5
What is the ten millions digit of 594331568?
9
What is the ten thousands digit of 5723318447?
1
What is the units digit of 1549044?
4
What is the ten thousands digit of 341205219?
0
What is the tens digit of 447484723?
2
What is the millions digit of 2430638646?
0
What is the hundreds digit of 818122471?
4
What is the ten thousands digit of 47606165?
0
What is the millions digit of 1154398224?
4
What is the hundreds digit of 88697025?
0
What is the thousands digit of 697615410?
5
What is the ten thousands digit of 438081401?
8
What is the hundred thousands digit of 273342335?
3
What is the thousands digit of 53212364?
2
What is the hundred thousands digit of 2755164883?
1
What is the hundred millions digit of 625773216?
6
What is the tens digit of 129464249?
4
What is the hundred thousands digit of 80116009?
1
What is the hundred thousands digit of 23682870?
6
What is the hundred thousands digit of 65286525?
2
What is the ten millions digit of 167206129?
6
What is the hundreds digit of 752068670?
6
What is the units digit of 53662227?
7
What is the millions digit of 1235379803?
5
What is the millions digit of 33254462?
3
What is the units digit of 7156230308?
8
What is the millions digit of 4811217537?
1
What is the hundreds digit of 1003077960?
9
What is the hundred millions digit of 312073024?
3
What is the hundreds digit of 132164140?
1
What is the hundreds digit of 33474953?
9
What is the hundred thousands digit of 39145930?
1
What is the millions digit of 1156500499?
6
What is the thousands digit of 1069861?
9
What is the millions digit of 50746036?
0
What is the ten thousands digit of 153381205?
8
What is the ten millions digit of 4592947401?
9
What is the tens digit of 2020989681?
8
What is the hundred thousands digit of 955216914?
2
What is the hundreds digit of 46103611?
6
What is the ten millions digit of 3393419980?
9
What is the thousands digit of 122479403?
9
What is the hundred millions digit of 163384626?
1
What is the ten thousands digit of 5568542109?
4
What is the hundred millions digit of 579759807?
5
What is the millions digit of 501821067?
1
What is the hundred thousands digit of 108142124?
1
What is the tens digit of 1226650687?
8
What is the units digit of 10189044?
4
What is the thousands digit of 3555771287?
1
What is the ten millions digit of 189604995?
8
What is the millions digit of 834998492?
4
What is the hundred thousands digit of 47389594?
3
What is the ten millions digit of 228676548?
2
What is the hundred thousands digit